{"id":3644,"date":"2015-08-04T06:29:30","date_gmt":"2015-08-04T06:29:30","guid":{"rendered":"http:\/\/daviddelval.com\/index.php\/home\/"},"modified":"2017-02-08T09:18:39","modified_gmt":"2017-02-08T09:18:39","slug":"home","status":"publish","type":"page","link":"https:\/\/www.daviddelval.com\/ca\/","title":{"rendered":"HOME"},"content":{"rendered":"<div id=\"metaslider-id-4388\" style=\"max-width: 1200px;\" class=\"ml-slider-3-29-0 metaslider metaslider-flex metaslider-4388 ml-slider\">\n    <div id=\"metaslider_container_4388\">\n        <div id=\"metaslider_4388\">\n            <ul aria-live=\"polite\" class=\"slides\">\n                <li style=\"display: block; width: 100%;\" class=\"slide-4958 ms-image\"><a href=\"https:\/\/www.daviddelval.com\/ca\/preboda-rural-aitona-lleida-barcelona-fotograf-boda\/\" target=\"_self\"><img src=\"https:\/\/www.daviddelval.com\/wp-content\/uploads\/\/2017\/03\/Fotograf-boda-lleida-aitona-barcelona-preboda-06.jpg\" height=\"801\" width=\"1200\" alt=\"Fot\u00f3grafo de bodas y preboda rural David del Val fot\u00f2graf de boda barcelona lleida tarragona girona\" class=\"slider-4388 slide-4958\" \/><\/a><\/li>\n                <li style=\"display: none; width: 100%;\" class=\"slide-4889 ms-image\"><a href=\"https:\/\/www.daviddelval.com\/ca\/blog\/\" target=\"_self\"><img src=\"https:\/\/www.daviddelval.com\/wp-content\/uploads\/\/2017\/02\/David-del-Val-fotograf-boda-lleida-barcelona-tarragona-girona-10.jpg\" height=\"801\" width=\"1200\" alt=\"Fot\u00f3grafo de ni\u00f1os y familia David del Val fot\u00f2graf de nens barcelona lleida tarragona girona\" class=\"slider-4388 slide-4889\" \/><\/a><div class=\"caption-wrap\"><div class=\"caption\">Fotograf\u00eda ganadora Family Time 2018. Mejor fotografia de Familia<\/div><\/div><\/li>\n                <li style=\"display: none; width: 100%;\" class=\"slide-5125 ms-image\"><img src=\"https:\/\/www.daviddelval.com\/wp-content\/uploads\/\/2017\/08\/David-del-Val-fotograf-boda-lleida-barcelona-tarragona-girona-13.jpg\" height=\"801\" width=\"1200\" alt=\"wedding-boda-photographer-girona-barcelona-fotograf-lleida-casa-rural\" class=\"slider-4388 slide-5125\" \/><\/li>\n                <li style=\"display: none; width: 100%;\" class=\"slide-4977 ms-image\"><a href=\"https:\/\/www.daviddelval.com\/ca\/retrat-corporatiu-empresa-imagen-profesional-retrato-linkedin\/\" target=\"_self\"><img src=\"https:\/\/www.daviddelval.com\/wp-content\/uploads\/\/2017\/08\/Retrato-corporativo-Sergi-Grimau-fotografo-Barcelona-Lleida-07.jpg\" height=\"801\" width=\"1200\" alt=\"Fot\u00f3grafo de retrato corporativo, retrato de empresa, retrat professional a Lleida, Barcelona, tarragona i Girona. David del Val i Sergi Grimau\" class=\"slider-4388 slide-4977\" \/><\/a><\/li>\n                <li style=\"display: none; width: 100%;\" class=\"slide-4951 ms-image\"><img src=\"https:\/\/www.daviddelval.com\/wp-content\/uploads\/\/2017\/03\/DDV_1909V.jpg\" height=\"801\" width=\"1200\" alt=\"David del Val fot\u00f3grafo de m\u00fasicos en Barcelona\" class=\"slider-4388 slide-4951\" \/><\/li>\n                <li style=\"display: none; width: 100%;\" class=\"slide-4880 ms-image\"><a href=\"https:\/\/www.daviddelval.com\/ca\/project\/grete-raudyte-barcelona-photographer-book-fashion-lleida\/\" target=\"_self\"><img src=\"https:\/\/www.daviddelval.com\/wp-content\/uploads\/\/2017\/02\/David-del-Val-fotograf-boda-lleida-barcelona-tarragona-girona-01.jpg\" height=\"801\" width=\"1200\" alt=\"Grete Raudyte model book David del Val Barcelona photographer fashion tarragona girona\" class=\"slider-4388 slide-4880\" \/><\/a><\/li>\n                <li style=\"display: none; width: 100%;\" class=\"slide-4881 ms-image\"><img src=\"https:\/\/www.daviddelval.com\/wp-content\/uploads\/\/2017\/02\/David-del-Val-fotograf-boda-lleida-barcelona-tarragona-girona-02.jpg\" height=\"801\" width=\"1200\" alt=\"Javier Pi\u00f1ol fot\u00f3grafo de m\u00fasicos books David del Val fot\u00f2graf de barcelona lleida tarragona girona\" class=\"slider-4388 slide-4881\" \/><\/li>\n                <li style=\"display: none; width: 100%;\" class=\"slide-4882 ms-image\"><a href=\"https:\/\/www.daviddelval.com\/ca\/fotograf-de-comunio-lleida-barcelona-tarragona-girona-comunions\/\" target=\"_self\"><img src=\"https:\/\/www.daviddelval.com\/wp-content\/uploads\/\/2017\/02\/David-del-Val-fotograf-boda-lleida-barcelona-tarragona-girona-03.jpg\" height=\"801\" width=\"1200\" alt=\"Fot\u00f2graf de comunions fot\u00f3grafo de comuni\u00f3n David del Val barcelona lleida tarragona girona\" class=\"slider-4388 slide-4882\" \/><\/a><\/li>\n                <li style=\"display: none; width: 100%;\" class=\"slide-4883 ms-image\"><a href=\"https:\/\/www.daviddelval.com\/ca\/project\/wedding-barcelona-casa-fuster-photographer-fotograf-lleida-ab-da\/\" target=\"_self\"><img src=\"https:\/\/www.daviddelval.com\/wp-content\/uploads\/\/2017\/02\/David-del-Val-fotograf-boda-lleida-barcelona-tarragona-girona-04-1182x789.jpg\" height=\"801\" width=\"1200\" alt=\"Fot\u00f3grafo de bodas David del Val fot\u00f2graf de boda barcelona lleida tarragona girona\" class=\"slider-4388 slide-4883\" \/><\/a><\/li>\n                <li style=\"display: none; width: 100%;\" class=\"slide-4884 ms-image\"><a href=\"https:\/\/www.daviddelval.com\/ca\/project\/new-born-fotograf-familia-nens-lleida-barcelona-fraga-al-da\/\" target=\"_self\"><img src=\"https:\/\/www.daviddelval.com\/wp-content\/uploads\/\/2017\/02\/David-del-Val-fotograf-boda-lleida-barcelona-tarragona-girona-05.jpg\" height=\"801\" width=\"1200\" alt=\"Fot\u00f3grafo de ni\u00f1os y familia David del Val fot\u00f2graf de nens barcelona lleida tarragona girona\" class=\"slider-4388 slide-4884\" \/><\/a><\/li>\n                <li style=\"display: none; width: 100%;\" class=\"slide-4887 ms-image\"><a href=\"https:\/\/www.daviddelval.com\/ca\/preboda-rural-a-lleida-barcelona\/\" target=\"_self\"><img src=\"https:\/\/www.daviddelval.com\/wp-content\/uploads\/\/2017\/02\/David-del-Val-fotograf-boda-lleida-barcelona-tarragona-girona-08.jpg\" height=\"801\" width=\"1200\" alt=\"Fot\u00f3grafo de bodas David del Val fot\u00f2graf de boda barcelona lleida tarragona girona\" class=\"slider-4388 slide-4887\" \/><\/a><\/li>\n                <li style=\"display: none; width: 100%;\" class=\"slide-4890 ms-image\"><img src=\"https:\/\/www.daviddelval.com\/wp-content\/uploads\/\/2017\/02\/David-del-Val-fotograf-boda-lleida-barcelona-tarragona-girona-11.jpg\" height=\"801\" width=\"1200\" alt=\"Fot\u00f3grafo de bodas David del Val fot\u00f2graf de boda barcelona lleida tarragona girona\" class=\"slider-4388 slide-4890\" \/><\/li>\n            <\/ul>\n        <\/div>\n        \n    <\/div>\n<\/div>\n","protected":false},"excerpt":{"rendered":"","protected":false},"author":1,"featured_media":0,"parent":0,"menu_order":0,"comment_status":"open","ping_status":"open","template":"template-home.php","meta":[],"yoast_head":"<!-- This site is optimized with the Yoast SEO plugin v20.3 - https:\/\/yoast.com\/wordpress\/plugins\/seo\/ -->\n<title>Fot\u00f3grafo de bodas en Barcelona, Lleida, Tarragona y Girona.<\/title>\n<meta name=\"description\" content=\"\u00a9 David del Val Fot\u00f3grafo Lleida, Barcelona, Girona, Tarragona | Fotograf\u00eda art\u00edstica de boda | Retrato | Publicidad | Books\" \/>\n<meta name=\"robots\" content=\"index, follow, max-snippet:-1, max-image-preview:large, max-video-preview:-1\" \/>\n<link rel=\"canonical\" href=\"https:\/\/www.daviddelval.com\/\" \/>\n<meta property=\"og:locale\" content=\"es_ES\" \/>\n<meta property=\"og:type\" content=\"article\" \/>\n<meta property=\"og:title\" content=\"Fot\u00f3grafo de bodas en Barcelona, Lleida, Tarragona y Girona.\" \/>\n<meta property=\"og:description\" content=\"\u00a9 David del Val Fot\u00f3grafo Lleida, Barcelona, Girona, Tarragona | Fotograf\u00eda art\u00edstica de boda | Retrato | Publicidad | Books\" \/>\n<meta property=\"og:url\" content=\"https:\/\/www.daviddelval.com\/\" \/>\n<meta property=\"og:site_name\" content=\"DAVID DEL VAL FOTOGRAFO DE BODA LLEIDA BARCELONA GIRONA TARRAGONA FOTOGRAF BARCELONA WEDDING PHOTOGRAPHER RETRAT REPORTATGE COMUNIO NENS FAMILIA Y EMBARAS\" \/>\n<meta property=\"article:publisher\" content=\"https:\/\/www.facebook.com\/david.delvalfoto\" \/>\n<meta property=\"article:modified_time\" content=\"2017-02-08T09:18:39+00:00\" \/>\n<meta name=\"twitter:card\" content=\"summary_large_image\" \/>\n<meta name=\"twitter:site\" content=\"@DaviddelValFoto\" \/>\n<script type=\"application\/ld+json\" class=\"yoast-schema-graph\">{\"@context\":\"https:\/\/schema.org\",\"@graph\":[{\"@type\":\"WebPage\",\"@id\":\"https:\/\/www.daviddelval.com\/\",\"url\":\"https:\/\/www.daviddelval.com\/\",\"name\":\"Fot\u00f3grafo de bodas en Barcelona, Lleida, Tarragona y Girona.\",\"isPartOf\":{\"@id\":\"https:\/\/www.daviddelval.com\/#website\"},\"datePublished\":\"2015-08-04T06:29:30+00:00\",\"dateModified\":\"2017-02-08T09:18:39+00:00\",\"description\":\"\u00a9 David del Val Fot\u00f3grafo Lleida, Barcelona, Girona, Tarragona | Fotograf\u00eda art\u00edstica de boda | Retrato | Publicidad | Books\",\"breadcrumb\":{\"@id\":\"https:\/\/www.daviddelval.com\/#breadcrumb\"},\"inLanguage\":\"es-CA\",\"potentialAction\":[{\"@type\":\"ReadAction\",\"target\":[\"https:\/\/www.daviddelval.com\/\"]}]},{\"@type\":\"BreadcrumbList\",\"@id\":\"https:\/\/www.daviddelval.com\/#breadcrumb\",\"itemListElement\":[{\"@type\":\"ListItem\",\"position\":1,\"name\":\"Portada\",\"item\":\"https:\/\/www.daviddelval.com\/\"},{\"@type\":\"ListItem\",\"position\":2,\"name\":\"HOME\"}]},{\"@type\":\"WebSite\",\"@id\":\"https:\/\/www.daviddelval.com\/#website\",\"url\":\"https:\/\/www.daviddelval.com\/\",\"name\":\"DAVID DEL VAL FOTOGRAFO DE BODA LLEIDA BARCELONA GIRONA TARRAGONA FOTOGRAF BARCELONA WEDDING PHOTOGRAPHER RETRAT REPORTATGE COMUNIO NENS FAMILIA Y EMBARAS\",\"description\":\"David del Val Fotograf\u00eda\",\"potentialAction\":[{\"@type\":\"SearchAction\",\"target\":{\"@type\":\"EntryPoint\",\"urlTemplate\":\"https:\/\/www.daviddelval.com\/?s={search_term_string}\"},\"query-input\":\"required name=search_term_string\"}],\"inLanguage\":\"es-CA\"}]}<\/script>\n<!-- \/ Yoast SEO plugin. -->","yoast_head_json":{"title":"Fot\u00f3grafo de bodas en Barcelona, Lleida, Tarragona y Girona.","description":"\u00a9 David del Val Fot\u00f3grafo Lleida, Barcelona, Girona, Tarragona | Fotograf\u00eda art\u00edstica de boda | Retrato | Publicidad | Books","robots":{"index":"index","follow":"follow","max-snippet":"max-snippet:-1","max-image-preview":"max-image-preview:large","max-video-preview":"max-video-preview:-1"},"canonical":"https:\/\/www.daviddelval.com\/","og_locale":"es_ES","og_type":"article","og_title":"Fot\u00f3grafo de bodas en Barcelona, Lleida, Tarragona y Girona.","og_description":"\u00a9 David del Val Fot\u00f3grafo Lleida, Barcelona, Girona, Tarragona | Fotograf\u00eda art\u00edstica de boda | Retrato | Publicidad | Books","og_url":"https:\/\/www.daviddelval.com\/","og_site_name":"DAVID DEL VAL FOTOGRAFO DE BODA LLEIDA BARCELONA GIRONA TARRAGONA FOTOGRAF BARCELONA WEDDING PHOTOGRAPHER RETRAT REPORTATGE COMUNIO NENS FAMILIA Y EMBARAS","article_publisher":"https:\/\/www.facebook.com\/david.delvalfoto","article_modified_time":"2017-02-08T09:18:39+00:00","twitter_card":"summary_large_image","twitter_site":"@DaviddelValFoto","schema":{"@context":"https:\/\/schema.org","@graph":[{"@type":"WebPage","@id":"https:\/\/www.daviddelval.com\/","url":"https:\/\/www.daviddelval.com\/","name":"Fot\u00f3grafo de bodas en Barcelona, Lleida, Tarragona y Girona.","isPartOf":{"@id":"https:\/\/www.daviddelval.com\/#website"},"datePublished":"2015-08-04T06:29:30+00:00","dateModified":"2017-02-08T09:18:39+00:00","description":"\u00a9 David del Val Fot\u00f3grafo Lleida, Barcelona, Girona, Tarragona | Fotograf\u00eda art\u00edstica de boda | Retrato | Publicidad | Books","breadcrumb":{"@id":"https:\/\/www.daviddelval.com\/#breadcrumb"},"inLanguage":"es-CA","potentialAction":[{"@type":"ReadAction","target":["https:\/\/www.daviddelval.com\/"]}]},{"@type":"BreadcrumbList","@id":"https:\/\/www.daviddelval.com\/#breadcrumb","itemListElement":[{"@type":"ListItem","position":1,"name":"Portada","item":"https:\/\/www.daviddelval.com\/"},{"@type":"ListItem","position":2,"name":"HOME"}]},{"@type":"WebSite","@id":"https:\/\/www.daviddelval.com\/#website","url":"https:\/\/www.daviddelval.com\/","name":"DAVID DEL VAL FOTOGRAFO DE BODA LLEIDA BARCELONA GIRONA TARRAGONA FOTOGRAF BARCELONA WEDDING PHOTOGRAPHER RETRAT REPORTATGE COMUNIO NENS FAMILIA Y EMBARAS","description":"David del Val Fotograf\u00eda","potentialAction":[{"@type":"SearchAction","target":{"@type":"EntryPoint","urlTemplate":"https:\/\/www.daviddelval.com\/?s={search_term_string}"},"query-input":"required name=search_term_string"}],"inLanguage":"es-CA"}]}},"_links":{"self":[{"href":"https:\/\/www.daviddelval.com\/ca\/wp-json\/wp\/v2\/pages\/3644"}],"collection":[{"href":"https:\/\/www.daviddelval.com\/ca\/wp-json\/wp\/v2\/pages"}],"about":[{"href":"https:\/\/www.daviddelval.com\/ca\/wp-json\/wp\/v2\/types\/page"}],"author":[{"embeddable":true,"href":"https:\/\/www.daviddelval.com\/ca\/wp-json\/wp\/v2\/users\/1"}],"replies":[{"embeddable":true,"href":"https:\/\/www.daviddelval.com\/ca\/wp-json\/wp\/v2\/comments?post=3644"}],"version-history":[{"count":6,"href":"https:\/\/www.daviddelval.com\/ca\/wp-json\/wp\/v2\/pages\/3644\/revisions"}],"predecessor-version":[{"id":4392,"href":"https:\/\/www.daviddelval.com\/ca\/wp-json\/wp\/v2\/pages\/3644\/revisions\/4392"}],"wp:attachment":[{"href":"https:\/\/www.daviddelval.com\/ca\/wp-json\/wp\/v2\/media?parent=3644"}],"curies":[{"name":"wp","href":"https:\/\/api.w.org\/{rel}","templated":true}]}}

<div id="metaslider-id-4388" style="max-width: 1200px;" class="ml-slider-3-29-0 metaslider metaslider-flex metaslider-4388 ml-slider">
    <div id="metaslider_container_4388">
        <div id="metaslider_4388">
            <ul aria-live="polite" class="slides">
                <li style="display: block; width: 100%;" class="slide-4958 ms-image"><a href="https://www.daviddelval.com/ca/preboda-rural-aitona-lleida-barcelona-fotograf-boda/" target="_self"><img src="https://www.daviddelval.com/wp-content/uploads//2017/03/Fotograf-boda-lleida-aitona-barcelona-preboda-06.jpg" height="801" width="1200" alt="Fotógrafo de bodas y preboda rural David del Val fotògraf de boda barcelona lleida tarragona girona" class="slider-4388 slide-4958" /></a></li>
                <li style="display: none; width: 100%;" class="slide-4889 ms-image"><a href="https://www.daviddelval.com/ca/blog/" target="_self"><img src="https://www.daviddelval.com/wp-content/uploads//2017/02/David-del-Val-fotograf-boda-lleida-barcelona-tarragona-girona-10.jpg" height="801" width="1200" alt="Fotógrafo de niños y familia David del Val fotògraf de nens barcelona lleida tarragona girona" class="slider-4388 slide-4889" /></a><div class="caption-wrap"><div class="caption">Fotografía ganadora Family Time 2018. Mejor fotografia de Familia</div></div></li>
                <li style="display: none; width: 100%;" class="slide-5125 ms-image"><img src="https://www.daviddelval.com/wp-content/uploads//2017/08/David-del-Val-fotograf-boda-lleida-barcelona-tarragona-girona-13.jpg" height="801" width="1200" alt="wedding-boda-photographer-girona-barcelona-fotograf-lleida-casa-rural" class="slider-4388 slide-5125" /></li>
                <li style="display: none; width: 100%;" class="slide-4977 ms-image"><a href="https://www.daviddelval.com/ca/retrat-corporatiu-empresa-imagen-profesional-retrato-linkedin/" target="_self"><img src="https://www.daviddelval.com/wp-content/uploads//2017/08/Retrato-corporativo-Sergi-Grimau-fotografo-Barcelona-Lleida-07.jpg" height="801" width="1200" alt="Fotógrafo de retrato corporativo, retrato de empresa, retrat professional a Lleida, Barcelona, tarragona i Girona. David del Val i Sergi Grimau" class="slider-4388 slide-4977" /></a></li>
                <li style="display: none; width: 100%;" class="slide-4951 ms-image"><img src="https://www.daviddelval.com/wp-content/uploads//2017/03/DDV_1909V.jpg" height="801" width="1200" alt="David del Val fotógrafo de músicos en Barcelona" class="slider-4388 slide-4951" /></li>
                <li style="display: none; width: 100%;" class="slide-4880 ms-image"><a href="https://www.daviddelval.com/ca/project/grete-raudyte-barcelona-photographer-book-fashion-lleida/" target="_self"><img src="https://www.daviddelval.com/wp-content/uploads//2017/02/David-del-Val-fotograf-boda-lleida-barcelona-tarragona-girona-01.jpg" height="801" width="1200" alt="Grete Raudyte model book David del Val Barcelona photographer fashion tarragona girona" class="slider-4388 slide-4880" /></a></li>
                <li style="display: none; width: 100%;" class="slide-4881 ms-image"><img src="https://www.daviddelval.com/wp-content/uploads//2017/02/David-del-Val-fotograf-boda-lleida-barcelona-tarragona-girona-02.jpg" height="801" width="1200" alt="Javier Piñol fotógrafo de músicos books David del Val fotògraf de barcelona lleida tarragona girona" class="slider-4388 slide-4881" /></li>
                <li style="display: none; width: 100%;" class="slide-4882 ms-image"><a href="https://www.daviddelval.com/ca/fotograf-de-comunio-lleida-barcelona-tarragona-girona-comunions/" target="_self"><img src="https://www.daviddelval.com/wp-content/uploads//2017/02/David-del-Val-fotograf-boda-lleida-barcelona-tarragona-girona-03.jpg" height="801" width="1200" alt="Fotògraf de comunions fotógrafo de comunión David del Val barcelona lleida tarragona girona" class="slider-4388 slide-4882" /></a></li>
                <li style="display: none; width: 100%;" class="slide-4883 ms-image"><a href="https://www.daviddelval.com/ca/project/wedding-barcelona-casa-fuster-photographer-fotograf-lleida-ab-da/" target="_self"><img src="https://www.daviddelval.com/wp-content/uploads//2017/02/David-del-Val-fotograf-boda-lleida-barcelona-tarragona-girona-04-1182x789.jpg" height="801" width="1200" alt="Fotógrafo de bodas David del Val fotògraf de boda barcelona lleida tarragona girona" class="slider-4388 slide-4883" /></a></li>
                <li style="display: none; width: 100%;" class="slide-4884 ms-image"><a href="https://www.daviddelval.com/ca/project/new-born-fotograf-familia-nens-lleida-barcelona-fraga-al-da/" target="_self"><img src="https://www.daviddelval.com/wp-content/uploads//2017/02/David-del-Val-fotograf-boda-lleida-barcelona-tarragona-girona-05.jpg" height="801" width="1200" alt="Fotógrafo de niños y familia David del Val fotògraf de nens barcelona lleida tarragona girona" class="slider-4388 slide-4884" /></a></li>
                <li style="display: none; width: 100%;" class="slide-4887 ms-image"><a href="https://www.daviddelval.com/ca/preboda-rural-a-lleida-barcelona/" target="_self"><img src="https://www.daviddelval.com/wp-content/uploads//2017/02/David-del-Val-fotograf-boda-lleida-barcelona-tarragona-girona-08.jpg" height="801" width="1200" alt="Fotógrafo de bodas David del Val fotògraf de boda barcelona lleida tarragona girona" class="slider-4388 slide-4887" /></a></li>
                <li style="display: none; width: 100%;" class="slide-4890 ms-image"><img src="https://www.daviddelval.com/wp-content/uploads//2017/02/David-del-Val-fotograf-boda-lleida-barcelona-tarragona-girona-11.jpg" height="801" width="1200" alt="Fotógrafo de bodas David del Val fotògraf de boda barcelona lleida tarragona girona" class="slider-4388 slide-4890" /></li>
            </ul>
        </div>
        
    </div>
</div>

<!-- This site is optimized with the Yoast SEO plugin v20.3 - https://yoast.com/wordpress/plugins/seo/ -->
<title>Fotógrafo de bodas en Barcelona, Lleida, Tarragona y Girona.</title>
<meta name="description" content="© David del Val Fotógrafo Lleida, Barcelona, Girona, Tarragona | Fotografía artística de boda | Retrato | Publicidad | Books" />
<meta name="robots" content="index, follow, max-snippet:-1, max-image-preview:large, max-video-preview:-1" />
<link rel="canonical" href="https://www.daviddelval.com/" />
<meta property="og:locale" content="es_ES" />
<meta property="og:type" content="article" />
<meta property="og:title" content="Fotógrafo de bodas en Barcelona, Lleida, Tarragona y Girona." />
<meta property="og:description" content="© David del Val Fotógrafo Lleida, Barcelona, Girona, Tarragona | Fotografía artística de boda | Retrato | Publicidad | Books" />
<meta property="og:url" content="https://www.daviddelval.com/" />
<meta property="og:site_name" content="DAVID DEL VAL FOTOGRAFO DE BODA LLEIDA BARCELONA GIRONA TARRAGONA FOTOGRAF BARCELONA WEDDING PHOTOGRAPHER RETRAT REPORTATGE COMUNIO NENS FAMILIA Y EMBARAS" />
<meta property="article:publisher" content="https://www.facebook.com/david.delvalfoto" />
<meta property="article:modified_time" content="2017-02-08T09:18:39+00:00" />
<meta name="twitter:card" content="summary_large_image" />
<meta name="twitter:site" content="@DaviddelValFoto" />
<script type="application/ld+json" class="yoast-schema-graph">{"@context":"https://schema.org","@graph":[{"@type":"WebPage","@id":"https://www.daviddelval.com/","url":"https://www.daviddelval.com/","name":"Fotógrafo de bodas en Barcelona, Lleida, Tarragona y Girona.","isPartOf":{"@id":"https://www.daviddelval.com/#website"},"datePublished":"2015-08-04T06:29:30+00:00","dateModified":"2017-02-08T09:18:39+00:00","description":"© David del Val Fotógrafo Lleida, Barcelona, Girona, Tarragona | Fotografía artística de boda | Retrato | Publicidad | Books","breadcrumb":{"@id":"https://www.daviddelval.com/#breadcrumb"},"inLanguage":"es-CA","potentialAction":[{"@type":"ReadAction","target":["https://www.daviddelval.com/"]}]},{"@type":"BreadcrumbList","@id":"https://www.daviddelval.com/#breadcrumb","itemListElement":[{"@type":"ListItem","position":1,"name":"Portada","item":"https://www.daviddelval.com/"},{"@type":"ListItem","position":2,"name":"HOME"}]},{"@type":"WebSite","@id":"https://www.daviddelval.com/#website","url":"https://www.daviddelval.com/","name":"DAVID DEL VAL FOTOGRAFO DE BODA LLEIDA BARCELONA GIRONA TARRAGONA FOTOGRAF BARCELONA WEDDING PHOTOGRAPHER RETRAT REPORTATGE COMUNIO NENS FAMILIA Y EMBARAS","description":"David del Val Fotografía","potentialAction":[{"@type":"SearchAction","target":{"@type":"EntryPoint","urlTemplate":"https://www.daviddelval.com/?s={search_term_string}"},"query-input":"required name=search_term_string"}],"inLanguage":"es-CA"}]}</script>
<!-- / Yoast SEO plugin. -->

Fotógrafo de bodas en Barcelona, Lleida, Tarragona y Girona.

© David del Val Fotógrafo Lleida, Barcelona, Girona, Tarragona | Fotografía artística de boda | Retrato | Publicidad | Books

David del Val Fotografía
